 - 332?
44607
In base 4, what is 10310201 - 11210?
10232331
In base 12, what is -a43969 + 1b7?
-a43772
In base 5, what is -104 + -12243002200?
-12243002304
In base 14, what is -5a + 1dd45?
1dcc9
In base 5, what is 2101 + 40322221?
40324322
In base 12, what is -a + a77227b?
a772271
In base 3, what is -2200120112001 + 2?
-2200120111222
In base 6, what is 4521413454 - -5?
4521413503
In base 7, what is -5 - 4064606405?
-4064606413
In base 15, what is 5 - -1ce2abc?
1ce2ac2
In base 12, what is 2a208 + 3a6?
2a5b2
In base 6, what is -2412345 - 3331?
-2420120
In base 2, what is -110 - -10100000011111001100000100?
10100000011111001011111110
In base 4, what is 10 - -13220100303?
13220100313
In base 14, what is 3 - -819bcb?
819bd0
In base 11, what is -11 - 1920072?
-1920083
In base 10, what is 5 - -6905122?
6905127
In base 14, what is 51784b + -4?
517847
In base 13, what is -1444 - -15468?
14024
In base 9, what is 124667 - -37?
124715
In base 13, what is -4 + -33c591a6?
-33c591aa
In base 12, what is 49a63 + 20?
49a83
In base 6, what is -3 + -342031200?
-342031203
In base 9, what is 370746 + -200?
370546
In base 11, what is 0 - 6a769156?
-6a769156
In base 8, what is -1353160 + -127?
-1353307
In base 6, what is -31251 + 32201?
510
In base 14, what is -124dd9 - -10?
-124dc9
In base 5, what is 124 + -4002441434?
-4002441310
In base 16, what is 2 + -29a5bc7?
-29a5bc5
In base 3, what is -21120212 - -111100112111?
111001221122
In base 9, what is 265 + -1810021?
-1808645
In base 7, what is -12643401 + -3?
-12643404
In base 7, what is -124312153 + 5?
-124312145
In base 13, what is -549 - 6c76?
-74c2
In base 15, what is -1d152 - 3e?
-1d191
In base 6, what is 4131031314 + 33?
4131031351
In base 2, what is -1100 - -1100101001111110000?
1100101001111100100
In base 2, what is 11101011100001010010110001 + -10?
11101011100001010010101111
In base 11, what is 202 - -130660?
130862
In base 6, what is 11142010 + -10?
11142000
In base 6, what is -12451501 - 2323?
-12454224
In base 15, what is a51 - -1648?
2199
In base 16, what is ce87 - 6?
ce81
In base 4, what is 201 + 13000122?
13000323
In base 10, what is -199 - -3437126?
3436927
In base 15, what is -bede3 - 3?
-bede6
In base 13, what is 9b29187 - -3?
9b2918a
In base 11, what is -149773119 + -5?
-149773123
In base 15, what is 3bae51 - 23?
3bae2d
In base 9, what is 1302444 + 54?
1302508
In base 12, what is -1 - 9bb2a9?
-9bb2aa
In base 3, what is 122021112212 + 22?
122021120011
In base 16, what is 18e - -16378?
16506
In base 16, what is 74 + -12a0a?
-12996
In base 4, what is -103 - -131301333101?
131301332332
In base 16, what is a6ad - 18?
a695
In base 10, what is -91597669 + -5?
-91597674
In base 7, what is -4 + -43332146?
-43332153
In base 15, what is 108 + -144bb6?
-144aad
In base 3, what is -10 + 2120202101200221?
2120202101200211
In base 15, what is -2 + 1cb7393?
1cb7391
In base 10, what is -37935 + -1348?
-39283
In base 15, what is -1ac984 + 20?
-1ac964
In base 11, what is -16a5 + -2567?
-4161
In base 13, what is 38 + 71c17?
71c52
In base 6, what is -2353 + 2405351?
2402554
In base 10, what is 1656369 - -19?
1656388
In base 2, what is 111011000 - -111001111010000?
111010110101000
In base 2, what is -1110100010111100001111 - -101?
-1110100010111100001010
In base 8, what is -34474 - -12164?
-22310
In base 13, what is -3 - bab58bc?
-bab58c2
In base 4, what is 213030211322 - 31?
213030211231
In base 2, what is -101 - -1001010111100111111011?
1001010111100111110110
In base 11, what is -527 - 91784?
-92200
In base 3, what is 100100022022120 + -2?
100100022022111
In base 11, what is 5 - -1803129?
1803133
In base 3, what is -121112 - -20200201101?
20200002212
In base 5, what is 1043100132 + -103?
1043100024
In base 2, what is 11011011001 - -101100010011100111?
101100101111000000
In base 2, what is -11100000101001001100 + 1000?
-11100000101001000100
In base 3, what is 11 - -1200121021110220?
1200121021111001
In base 10, what is -3285 - 21784?
-25069
In base 15, what is -3461 - 685?
-3ae6
In base 12, what is -11b317 - -ab?
-11b228
In base 15, what is -11 + 4737?
4726
In base 8, what is -21223 - -475?
-20526
In base 16, what is -d - 244c8e?
-244c9b
In base 6, what is -10011335 - -3432?
-10003503
In base 9, what is 14483434 + 0?
14483434
In base 16, what is -5fc + -473?
-a6f
In base 9, what is -3 + -14620266?
-14620270
In base 9, what is -143 + 27610?
27456
In base 12, what is a + 8b7a1?
8b7ab
In base 2, what is -10100100110011001001010 + -101?
-10100100110011001001111
In base 11, what is -2497a533 + 4?
-2497a52a
In base 14, what is 4b8935 + -7?
4b892c
In base 8, what is -1 - 23172661?
-23172662
In base 7, what is -432133 + 1644?
-430156
In base 15, what is 9bb33e - 17?
9bb327
In base 14, what is 130c + -2020?
-b12
In base 14, what is -29 - -9dd515?
9dd4ca
In base 7, what is 4120 + 1134340?
1141460
In base 4, what is -1303222 - -1201?
-1302021
In base 12, what is -2 - 1132b12?
-1132b14
In base 2, what is -1000111010 - 100001100110111?
-100010101110001
In base 16, what is 1bf1 + -15a?
1a97
In base 11, what is 370a076 - 49?
370a028
In base 9, what is 100470 - 2?
100467
In base 3, what is 10012211 + 121100212011?
121111001222
In base 8, what is 250011 - -25?
250036
In base 14, what is 8143 + -468a?
3897
In base 15, what is -a89 - ab0d?
-b697
In base 3, what is 10010 + 1002111111201?
1002111121211
In base 4, what is -22220100031 - 12?
-22220100103
In base 2, what is -111110001110011 + -110111001?
-111111000101100
In base 13, what is 1377b472 - 7?
1377b468
In base 14, what is -60d4c6 + 60?
-60d466
In base 11, what is -50 - -893327?
893287
In base 6, what is 4304 + -523402?
-515054
In base 4, what is -331102331 + 11133?
-331031132
In base 4, what is -1002300 + 22002?
-320232
In base 6, what is -1052230314 - -10?
-1052230304
In base 7, what is 45202 - -161400?
236602
In base 15, what is -5 - -25922499?
25922494
In base 5, what is 2204304 - 23110?
2131144
In base 9, what is 231 - 15145?
-14814
In base 14, what is -3 - 2d536?
-2d539
In base 5, what is -234044400330 + -1?
-234044400331
In base 15, what is -c6c9 + 230?
-c499
In base 14, what is -3b589150 + 0?
-3b589150
In base 8, what is 4 + 25161044?
25161050
In base 7, what is 60563 + 20002?
110565
In base 4, what is 3 + 1131231122131?
1131231122200
In base 6, what is 310003 + 44?
310051
In base 11, what is 331407 - -325?
331731
In base 12, what is 157208 + 15?
157221
In base 11, what is -38189 - 6688?
-43866
In base 5, what is -1 + -4203422302?
-4203422303
In base 6, what is -3512004 + -3?
-3512011
In base 9, what is 115267812 - 0?
115267812
In base 15, what is 5d4e3 - -95?
5d588
In base 12, what is -7b3300 + 0?
-7b3300
In base 16, what is 5 - -148f111?
148f116
In base 13, what is -12 + a17c0?
a17ab
In base 3, what is 112221202 - 21000?
112200202
In base 15, what is d + -ec94c3?
-ec94b5
In base 15, what is -16088e5b + 4?
-16088e57
In base 8, what is 3 + -550232110?
-550232105
In base 15, what is 3bdc367 + 2?
3bdc369
In base 7, what is 64501126 - 3?
64501123
In base 4, what is 1 - -2001021221?
2001021222
In base 4, what is 113310112223 + 3?
113310112232
In base 11, what is 1 - a10001?
-a10000
In base 7, what is -40163 - -354546?
314353
In base 9, what is 488 + -7428?
-6830
In base 6, what is -242 + 53003255?
53003013
In base 16, what is 1 - d0b406b?
-d0b406a
In base 11, what is -1555058 - 1a7?
-1555254
In base 12, what is -3 - -54903536?
54903533
In base 11, what is -2545924 + 32?
-25458a2
In base 16, what is -3 + b15d0f?
b15d0c
In base 4, what is -220222200 + -30333?
-220313133
In base 10, what is -85897007 + 5?
-85897002
In base 4, what is 1013303 - -22001?
1101310
In base 2, what is -10001 + -1011011011101011?
-1011011011111100
In base 10, what is -222 - 420683?
-420905
In base 11, what is 275909 + -329?
275590
In base 9, what is 0 + 7717453?
7717453
In base 16, what is -140d + -c5e?
-206b
In base 3, what is 1002 - -1000220211002?
1000220212011
In base 14, what is 337c43b - -6?
337c443
In base 4, what is -1201123031100021 - 0?
-1201123031100021
In base 7, what is -460 - -1565651?
1565161
In base 8, what is -21 + -433223671?
-433223712
In base 16, what is -e520 - -10?
-e510
In base 14, what is 2bd - -8c4?
ba3
In base 4, what is -11 + -111310222201?
-111310222212
In base 3, what is 22